{"id":1951,"date":"2023-09-25T19:43:33","date_gmt":"2023-09-25T22:43:33","guid":{"rendered":"https:\/\/edgartoursnyc.com\/?post_type=product&#038;p=1951"},"modified":"2024-10-15T22:51:52","modified_gmt":"2024-10-16T01:51:52","slug":"cataratas-del-niagara","status":"publish","type":"product","link":"https:\/\/edgartoursnyc.com\/index.php\/product\/cataratas-del-niagara\/","title":{"rendered":"Cataratas del Niagara"},"content":{"rendered":"<p>Comenzaremos con una salida bien temprano por la ma\u00f1ana busc\u00e1ndolos por su lugar de alojamiento (aproximadamente 4:30am).<br \/>\nViajaran en un c\u00f3modo y nuevo veh\u00edculo, con su gu\u00eda tur\u00edstico biling\u00fce, disfrutando del paisaje esc\u00e9nico del norte del estado de Nueva York (el tiempo de viaje es de aproximadamente 7-8 horas, en cada sentido, con las paradas de descanso que deseen)<br \/>\nLa primera parada ser\u00e1 en los espectaculares miradores de Hamilton Park para observar una incre\u00edble vista de la ciudad de New York desde New Jersey.<\/p>\n<p><strong>Atravesaremos hermosos lugares, entre ellos:<\/strong><\/p>\n<ul>\n<li>Columbia lake , Delaware river , Poconos Mountains, Onondaga Lake Park, Montezuma National Wildlife Refuge, Seneca lake, etc.<br \/>\nNos detendremos en el Souther Tier Welcome Center o en alg\u00fan mirador similar para observar el hermoso valle.<br \/>\nTendremos vistas de la hermosa ciudad de Syracuse.<br \/>\nA su llegada a su destino, comenzar\u00e1 a experimentar la aventura, la belleza y las maravillas naturales de las Cataratas del Ni\u00e1gara a bordo del hist\u00f3rico crucero\/barco Maid of the Mist (Doncella de la Niebla)o, cuando la Maid of the Mist no esta funcionando, desde otros puntos de observaci\u00f3n como Cave of the Winds( Caverna de los Vientos), Gorge Walk , T\u00faneles Esc\u00e9nicos u otros disponibles en funci\u00f3n de las condiciones clim\u00e1ticas.<\/li>\n<\/ul>\n<p><strong>Parque Estatal de las Cataratas del Niagara:<\/strong><\/p>\n<ul>\n<li>Durante su visita, aprender\u00e1 sobre la interesante historia de estas poderosas aguas y disfrutar\u00e1 de espectaculares vistas de las cataratas desde diferentes miradores. Tendr\u00e1 la oportunidad de comprar recuerdos y explorar el hermoso Parque Estatal de las Cataratas del Ni\u00e1gara. Despu\u00e9s de una experiencia inolvidable y recuerdos memorables regresaremos aproximadamente a las 11:30pm a su lugar de alojamiento.<\/li>\n<\/ul>\n<p>Los vamos a buscar por su lugar de alojamiento y los regresamos, si es en New York City.<br \/>\nLlevo mucha comida y bebidas fr\u00edas y caliente para todo el viaje.<br \/>\nEl precio incluye ticket del ferry (barco) y mirador panoramico.<\/p>\n","protected":false},"excerpt":{"rendered":"<p>Viajaran en un c\u00f3modo y nuevo veh\u00edculo , con su gu\u00eda tur\u00edstico biling\u00fce, disfrutando del paisaje esc\u00e9nico del norte del estado de Nueva York (el tiempo de viaje es de aproximadamente 7-8 horas, en cada sentido, con las paradas de descanso que deseen).<\/p>\n<p><a href=\"https:\/\/edgartoursnyc.com\/index.php\/reservas\/\"><button class=\"uagb-buttons-repeater wp-block-button__link\" style=\"border-radius: 30px;\">RESERVAR<\/button><\/a><\/p>\n","protected":false},"featured_media":1947,"comment_status":"open","ping_status":"closed","template":"","meta":{"om_disable_all_campaigns":false,"_uag_custom_page_level_css":"","_monsterinsights_skip_tracking":false,"_monsterinsights_sitenote_active":false,"_monsterinsights_sitenote_note":"","_monsterinsights_sitenote_category":0,"site-sidebar-layout":"default","site-content-layout":"","ast-site-content-layout":"default","site-content-style":"default","site-sidebar-style":"default","ast-global-header-display":"","ast-banner-title-visibility":"","ast-main-header-display":"","ast-hfb-above-header-display":"","ast-hfb-below-header-display":"","ast-hfb-mobile-header-display":"","site-post-title":"","ast-breadcrumbs-content":"","ast-featured-img":"","footer-sml-layout":"","theme-transparent-header-meta":"default","adv-header-id-meta":"","stick-header-meta":"","header-above-stick-meta":"","header-main-stick-meta":"","header-below-stick-meta":"","astra-migrate-meta-layouts":"set"},"product_cat":[18],"product_tag":[],"aioseo_notices":[],"uagb_featured_image_src":{"full":["https:\/\/edgartoursnyc.com\/wp-content\/uploads\/2023\/09\/20230214_144425-scaled.jpg",1196,2560,false],"thumbnail":["https:\/\/edgartoursnyc.com\/wp-content\/uploads\/2023\/09\/20230214_144425-150x150.jpg",150,150,true],"medium":["https:\/\/edgartoursnyc.com\/wp-content\/uploads\/2023\/09\/20230214_144425-140x300.jpg",140,300,true],"medium_large":["https:\/\/edgartoursnyc.com\/wp-content\/uploads\/2023\/09\/20230214_144425-768x1645.jpg",768,1645,true],"large":["https:\/\/edgartoursnyc.com\/wp-content\/uploads\/2023\/09\/20230214_144425-478x1024.jpg",478,1024,true],"1536x1536":["https:\/\/edgartoursnyc.com\/wp-content\/uploads\/2023\/09\/20230214_144425-717x1536.jpg",717,1536,true],"2048x2048":["https:\/\/edgartoursnyc.com\/wp-content\/uploads\/2023\/09\/20230214_144425-956x2048.jpg",956,2048,true],"mailpoet_newsletter_max":["https:\/\/edgartoursnyc.com\/wp-content\/uploads\/2023\/09\/20230214_144425-1320x2827.jpg",1320,2827,true],"woocommerce_thumbnail":["https:\/\/edgartoursnyc.com\/wp-content\/uploads\/2023\/09\/20230214_144425-300x457.jpg",300,457,true],"woocommerce_single":["https:\/\/edgartoursnyc.com\/wp-content\/uploads\/2023\/09\/20230214_144425-600x1285.jpg",600,1285,true],"woocommerce_gallery_thumbnail":["https:\/\/edgartoursnyc.com\/wp-content\/uploads\/2023\/09\/20230214_144425-100x100.jpg",100,100,true]},"uagb_author_info":{"display_name":"edgartoursnyc.com","author_link":"https:\/\/edgartoursnyc.com\/index.php\/author\/"},"uagb_comment_info":6,"uagb_excerpt":"Viajaran en un c\u00f3modo y nuevo veh\u00edculo , con su gu\u00eda tur\u00edstico biling\u00fce, disfrutando del paisaje esc\u00e9nico del norte del estado de Nueva York (el tiempo de viaje es de aproximadamente 7-8 horas, en cada sentido, con las paradas de descanso que deseen). RESERVAR","_links":{"self":[{"href":"https:\/\/edgartoursnyc.com\/index.php\/wp-json\/wp\/v2\/product\/1951"}],"collection":[{"href":"https:\/\/edgartoursnyc.com\/index.php\/wp-json\/wp\/v2\/product"}],"about":[{"href":"https:\/\/edgartoursnyc.com\/index.php\/wp-json\/wp\/v2\/types\/product"}],"replies":[{"embeddable":true,"href":"https:\/\/edgartoursnyc.com\/index.php\/wp-json\/wp\/v2\/comments?post=1951"}],"wp:featuredmedia":[{"embeddable":true,"href":"https:\/\/edgartoursnyc.com\/index.php\/wp-json\/wp\/v2\/media\/1947"}],"wp:attachment":[{"href":"https:\/\/edgartoursnyc.com\/index.php\/wp-json\/wp\/v2\/media?parent=1951"}],"wp:term":[{"taxonomy":"product_cat","embeddable":true,"href":"https:\/\/edgartoursnyc.com\/index.php\/wp-json\/wp\/v2\/product_cat?post=1951"},{"taxonomy":"product_tag","embeddable":true,"href":"https:\/\/edgartoursnyc.com\/index.php\/wp-json\/wp\/v2\/product_tag?post=1951"}],"curies":[{"name":"wp","href":"https:\/\/api.w.org\/{rel}","templated":true}]}}